(-15 - -9) + 2 + -1.
-5
What is 0 + 1 - (2 + -6)?
5
What is the value of -1 + 0 - (13 + -21)?
7
What is -1 + (-2 - -2) + 3 + -4?
-2
What is 1 + -3 - (6 - 6 - 0)?
-2
Calculate -5 + 5 + 0 + (0 - 2).
-2
Evaluate (-3 + 1 - 1) + 9.
6
What is the value of 1 + (0 + -5 + -3 - -3)?
-4
0 + 1 - (28 + -32)
5
Calculate (0 - 0) + -1 - (0 - -3).
-4
What is 2 + -1 + (4 - 0) - 0?
5
What is the value of (-13 - -26 - 5) + -17?
-9
What is -4 + 7 + 7 + -3?
7
What is the value of -1 - ((6 - -4) + -8)?
-3
What is (-1 + 2 - 4) + -2 - -3?
-2
What is the value of 6 - (-2 + -4 + 4) - 2?
6
0 + 2 + -5 - (-42 + 41)
-2
-8 + 4 - (5 - 1 - 2)
-6
-15 - -2 - -2 - -10
-1
What is the value of (21 - 8) + (-2 - 0)?
11
What is 5 + (-2 + 6 + -2 - 9)?
-2
Calculate 10 - (-2 + 14 + -6).
4
What is the value of 3 + 8 + -4 + -3?
4
Evaluate 5 + 0 - 8 - 1 - 1.
-5
Evaluate 3 + 4 + (-7 - 12) + 5.
-7
Calculate 2 - (1 + 4 + 22 + -20).
-5
Evaluate -11 + (-7 - -1) + 12 - 3.
-8
Evaluate 2 + (0 - -1) + (-13 - -17).
7
1 + 8 - (8 - 3)
4
3 + (-4 - 1) - -3
1
Evaluate -1 - (11 + -9 - (5 + -2)).
0
What is the value of 3 + (-3 - (1 - 4 - -2))?
1
4 - (0 + -3 + 5 + 1)
1
3 - 1 - (-2 - 0)
4
Evaluate 14 - 4 - 14 - -10.
6
Evaluate -3 - (-3 + 2 + -2).
0
Evaluate -17 - (-9 - (-13 + 11)).
-10
What is the value of (0 - (3 + 1)) + 6?
2
Evaluate 20 + -15 + -3 + 0 - -1.
3
6 + (-7 - -1) + 0 - 2
-2
Evaluate 1 + -1 - (0 + (-4 - -5)).
-1
3 - (4 + 1 + -1)
-1
Calculate 3 + (2 - -2 - (9 + -5)).
3
Evaluate 2 - (-2 - -1) - (3 - 0).
0
-4 - (7 + -4 + -2 - 3)
-2
0 + 2 + (-6 - (16 - 24))
4
Evaluate -1 + (-1 - (4 + -4 + 0)).
-2
Calculate 5 + (-2 + 8 - 11).
0
What is (1 - -8) + (6 - 8)?
7
What is 14 + -21 - (-3 + -1)?
-3
Evaluate 6 - (-3 - -4 - 1 - -1).
5
What is the value of 5 - (0 + (-1 + 7 - 3))?
2
What is (-8 - (-5 - -5)) + (2 - -3)?
-3
-18 - -14 - (-6 + (-2 - -4))
0
What is the value of 2 + 4 + (-11 - -7) - 2?
0
What is -3 - (-1 + 6 - 10)?
2
(4 - 1 - 8) + 0
-5
Evaluate 3 + (-11 - -11 - 4).
-1
Evaluate 9 + 10 + -12 + 0 + -3.
4
Calculate 3 + (-3 - (1 + 3)).
-4
What is 7 + -3 + 0 - (4 + -1)?
1
-8 + 0 - (-2 + (1 - 3))
-4
Calculate -1 + (-4 - (0 - 1 - 3)).
-1
Calculate -2 + (-7 - -15) + -7 + -7.
-8
0 + 4 + 8 + -9
3
Calculate (2 - -8) + (3 - (6 + 1)).
6
What is the value of 0 + -9 + 5 + 1?
-3
Evaluate -1 + (5 - (-4 - -12)) - 2.
-6
Evaluate 3 - 5 - -1 - 1.
-2
What is -5 - (-5 + 2 + -1 + 1)?
-2
What is the value of 11 - 7 - (2 - -1) - 4?
-3
What is the value of ((-4 - -5) + -10 - -1) + 12?
4
What is the value of 6 - (-2 + 1 + 2) - 1?
4
What is the value of -1 + 5 + -22 + 23?
5
-5 - (-8 + 7) - -9
5
What is -5 + 21 + -11 + -8?
-3
(1 - 9 - -4) + (-2 - -6)
0
Evaluate (3 - 3) + (-7 - -3 - -2).
-2
What is -19 + (10 - 5) + 5?
-9
5 + -3 + (-2 - -8) + -3
5
-11 + 0 + 5 + 4
-2
What is 4 - (1 - (2 - 1))?
4
Evaluate 0 + 0 - ((7 - 3) + -1).
-3
Evaluate -2 - (2 - 2) - (-9 - -14).
-7
Calculate 1 + 0 + (30 - 24) + 3.
10
Evaluate -5 - -8 - (1 + -3).
5
What is 1059 + -1064 - (-1 + 2 + -14)?
8
What is the value of 5 + (-4 - 6) + 11?
6
Calculate -7 + (18 - (4 + -8 + 10)).
5
What is the value of -4 + 1 + 5 + 0?
2
Calculate 14 + -13 + (0 - 2).
-1
Calculate -3 + 2 - (11 - 9).
-3
3 - (2 + 0 + -2)
3
Evaluate (73 - 72) + 0 + -1 + -1.
-1
What is 5 + (-13 - -6) - -7?
5
Calculate 9 - (0 + 1 + 1 + 2).
5
What is the value of -1 - (-1 - -4 - -1)?
-5
What is (-5 - 2) + 10 + -1?
2
Calculate (-5 - (-3 + 8 + -9)) + -4.
-5
What is 0 + 1 + -7 + 29 + -26?
-3
What is the value of -1 - 2 - -10 - 2?
5
Calculate 1 - (-3 - (7 + -5)).
6
Evaluate -13 + (12 + -3 - 7) - -3.
-8
7 + (-3 - 4 - -2) + 3
5
-1 + (1 - 1) - (3 + -3)
-1
Evaluate 17 - (-3 + -2 + 14).
8
Evaluate (-57 - -61) + (-2 - (4 + -3)).
1
What is the value of -11 + 5 + 1 - (0 + 0)?
-5
What is the value of 2 + (-4 - -8) + (0 - 1)?
5
Evaluate (14 - 14 - -10) + -6.
4
What is the value of (5 - -6) + -7 + 1?
5
What is the value of -10 + (0 - (-6 + 6))?
-10
Calculate 1 - 18 - (-17 - -6).
-6
What is the value of -6 + -3 + 2 + 7 + -7?
-7
What is the value of -2 + (-4 - -8) - (3 - 4)?
3
5 - (-6 + 1) - 6
4
What is 0 + -2 - -1 - (-1 + 2)?
-2
What is -4 + 12 + -3 + 0?
5
What is the value of -2 - (6 + -6) - -7 - 6?
-1
Calculate -1 - (-4 + (-1 - -4) - 4).
4
Calculate 4 - (2 - (3 + -7 + 3)).
1
What is the value of -37 + 42 + (-1 - 2)?
2
What is the value of 1 + 5 + 3 + 0?
9
What is 5 - (-1 - 7 - -7)?
6
What is -5 + 6 + -7 + -1?
-7
What is 8 + (-1 - (-2 - (-9 + 4)))?
4
Calculate 12 + (-1 - -7) + -6 - 6.
6
What is the value of -4 + 0 + 2 + 2 + -9?
-9
Calculate -6 - 8 - -9 - -4.
-1
What is the value of -7 + (-5 - -8) + (1 - 0)?
-3
25 + -16 + (-3 + -4 - -3)
5
What is 6 - 8 - (1 + -2 + 2)?
-3
(14 - -2 - 5) + -7
4
What is the value of (6 - 0) + -12 + (-2 - -13)?
5
(90 - 78) + -17 + -2
-7
(-15 - (-15 - 0)) + (-1 - -2)
1
Evaluate (-35 - -54) + (-13 - -1).
7
What is the value of -5 - -1 - -7 - -3 - 4?
2
Calculate (-4 - (-4 - 4)) + (-4 - 5).
-5
Calculate -7 + (-5 - -6) + 6 - -5.
5
What is -3 + 15 - (-1 - (11 - 18))?
6
Calculate 10 + -12 - (-5 - 7).
10
Evaluate 2 + 0 + (-2 - 0 - -4).
4
Calculate -3 + -1 - (-1 + -6).
3
Evaluate (5 + -2 - 0) + -22 + 15.
-4
What is 6 - (7 - (4 + 1) - -4)?
0
What is the value of -2 + 7 + -6 + 1?
0
-3 - 3 - (1 + 4 + -8)
-3
What is -5 + 4 - 6 - -2 - -4?
-1
What is the value of 0 + (-3 - (1 + -2)) - -5?
3
-7 + 1 - (6 - 21 - -16)
-7
What is the value of -13 + 12 + 5 + -12 + 1?
-7
What is -3 + -3 + 1 + 8?
3
What is the value of 2 - (3 + 3 + -1 - -1)?
-4
4 + 0 + 2 + (-1 - 2)
3
What is the value of 2 + (-10 - (-2 - 2)) + 6?
2
9 - (-1 + 3) - 3
4
0 + -2 + 7 + (47 - 51)
1
Calculate -9 + -1 + 10 - (2 - 6).
4
(-2 - 0) + 64 + -64
-2
-12 - -1 - (-7 - 7)
3
-2 + (0 - 4) + (-2 - -3)
-5
Calculate (-4 - -8) + -1 + -4.
-1
-2 + (6 - 4) - (1 - 7)
6
What is the value of -11 - -5 - 2 - -7?
-1
3 - (-2 - 0) - (-62 - -57)
10
Evaluate (3 - 3 - 3) + 7 - 0.
4
Evaluate -6 + 4 - 1 - 1 - -1.
-3
Calculate -2 - -2 - -2 - -1.
3
What is the value of 0 + -1 + -1 - -7?
5
What is -3 - (-1 - -12 - 18)?
4
What is the value of 14 + (-10 - (-10 + 8))?
6
9 + 0 + (-5 - -5) + -1
8
Evaluate -1 + -5 + 2 - (3 + -9).
2
Calculate 3 - (-7 - (-13 - (3 - 10))).
4
-3 + 10 + -6 + 1 + 2
4
What is the value of -1 + 1 + -3 + 0 + -2?
-5
What is -2 + 1 + 0 + 2 + -2?
-1
(-5 - -2) + (-3 - -7)
1
Calculate (-4 - (7 + -11)) + (5 - 0).
5
4 - (6 + (5 - 6) - 3)
2
What is the value of -1 - (2 + -3 + 3)?
-3
(2 - (-4 - -2)) + 1 + -9
-4
What is 2 - 8 - -2 - -7?
3
Evaluate 3 - (12 + 3 + (-4 - 1)).
-7
What is 0 + (4 - 0) - (0 - -3)?
1
Evaluate 6 + -4 - -7 - 2 - 3.
4
What is the value of -7 - (4 - 6) - -4?
-1
Evaluate 5 - (-4 + (1 - -4)) - 3.
1
What is the value of 19 + -13 + (-13 - 0 - 3)?
-10
What is the value of (3 - 3) + 3 + 2?
5
What is -14 - -20 - (-3 + 9)?
0
Calculate 0 + (-3 - -3 - (1 + 4)).
-5
0 - (3 + (3 - 7) - -3)
-2
-2 + 2 - 2 - -5
3
What is -3 + (8 - (2 - -2 - 2))?
3
-8 - (15 - 7 - 13)
-3
Evaluate -1 + 0 - (1 - (-4 - -1)).
-5
Calculate 4 + -3 + (-7 - -4).
-2
(2 + -3 + 0 - 1) + 5
3
Calculate -5 + 10 + -7 + -3.
-5
Evaluate 3 + (-5 + -6 - -6).
-2
What is the value of -3 + 9 + -16 + (0 - -4)?
-6
Evaluate (-9 + 5 - 5) + 19.
10
Calculate -1 - (-4 + 0 + (3 - 2)).
2
-7 - -2 - -9 - -3
7
6 - (-1 + 2 - (1 - 1))
5
Evaluate -9 + 5 - (3 - 14).
7
(9 - 6) + -9 + 7
1
What is (2 - 4) + 2 + -10 + 6?
-4
What is (-138 - -148) + (-4 - (0 + 0))?
6
What is (-5 + -4 + 8 - -1) + 4?
4
Evaluate 2 + 1 + 0 + (-6 - -7).
4
3 + (-14 - -4) + (0 - -9)
2
Evaluate (-1 - -14 - 14) + 6 + -1.
4
Calculate 0 - 1 - (3 + -11 - -6).
1
3 + -3 + 0 + -1
-1
1 + 1 - (-53 + 59)
-4
Calculate (6 - (4 + 6)) + 1.
-3
2 - (-6 + 10 + -1 + 3)
-4
Calculate 2 - ((-1 - -2) + -4).
5
Calculate (-19 + 11 - -8) + (0 - 0).
0
Evaluate (-5 + 4 - -9) + -5.
3
Evaluate (-1 - 0) + 1 + -1.
-1
Calculate -5 - -8 - (-1 + 2).
2
Calculate (3 - -7 - -2) + (2 - 4).
10
-17 - -3 - (-52 - -45)
-7
Evaluate -1 + -1 + -6 + 2.
-6
What is 16 - (-8 + 12) - 7?
5
Calculate 2 - 5 - (2 + -4).
-1
What is 5 + (-5 - ((6 - -6) + -4))?
-8
Calculate (-1 - 1) + (17 - (15 - 4)).
4
Calculate -12 - (11 + -6 - 17).
0
Evaluate (-2 - -3) + 4 - (-2 + 7).
0
What is 2 + 3 - 7 - -4?
2
-5 + (4 - 0) - 0 - 0
-1
What is -4 + 0 + (1 - 1)?
-4
(-7 - (5 - 2 - 7)) + -4
-7
-4 + 1 - (-2 + 2)
-3
What is 4 - (-5 + 2 - -3)?
4
What is -17 - -26 - ((4 - 1) + 4)?
2
Calculate (-5 - (-5 + 0)) + 5.
5
Calcul